et n(a) = a**2 + 5*a - 4. What is n(-4)?
-8
Let q(i) = -8*i + 8. Calculate q(2).
-8
Let a(t) = -2*t**3 - 6*t**2 - 6*t + 8. Give a(-5).
138
Let z(s) = -s**3 + 2*s**2 + 3*s - 3. What is z(3)?
-3
Let r(u) = -u + 18. Determine r(21).
-3
Let v(h) = 2*h**2 + 3*h. Give v(-2).
2
Let n(o) = -o**3 + 6*o**2 + 9. What is n(6)?
9
Let t(r) = -7*r**3 + 2*r**2 + 2*r + 1. Determine t(-2).
61
Let p(w) = 9*w - 480. What is p(55)?
15
Let r(a) = a**3 - 6*a**2 + 6*a + 4. Determine r(5).
9
Let z(r) = 3*r**2 - 3*r - 4. Give z(5).
56
Let f(g) = -2*g**3 - 3*g**2 - g + 2. Calculate f(-3).
32
Let s(v) = v**2 + 11*v - 2. What is s(-13)?
24
Let o(f) = f**3 + 5*f**2 + 11*f - 1. Give o(-3).
-16
Let h(k) = k**3 - 7*k**2 - 10*k + 12. Calculate h(8).
-4
Let w(q) = 6*q**2 - 5*q - 12. Determine w(-3).
57
Let j(m) = 12*m - 113. Give j(9).
-5
Let t(n) = n**2 + 13*n + 35. Give t(-3).
5
Let t(s) = -s + 6. What is t(8)?
-2
Let k(y) = -2*y**3 + 4*y**2 - 3*y - 7. Calculate k(3).
-34
Let l(n) = 6*n - 12. What is l(0)?
-12
Let y(l) = -2*l - 66. Calculate y(-17).
-32
Let y(w) = -3*w - 18. Calculate y(-4).
-6
Let r(m) = 35*m - 206. What is r(6)?
4
Let w(z) = z + 12. Calculate w(-20).
-8
Let n(f) = -f**3 + 7*f**2 - 11*f + 2. Determine n(5).
-3
Let b(r) = r**2 + 6*r - 11. Determine b(2).
5
Let v(h) = -15*h + 68. Calculate v(5).
-7
Let p(g) = g**2 + 6*g + 6. Determine p(5).
61
Let g(q) = q**2 + 10*q + 7. Calculate g(-8).
-9
Let l(w) = 2*w - 21. Calculate l(21).
21
Let x(h) = -2*h - 37. Calculate x(-18).
-1
Let j(p) = -p**2 + 2*p + 3. Determine j(5).
-12
Let n(q) = -2*q + 6. Calculate n(-5).
16
Let j(f) = -f + 4. Calculate j(-3).
7
Let y(v) = -12*v - 55. Determine y(6).
-127
Let g(c) = 7*c - 15. Determine g(7).
34
Let s(p) = -2*p - 9. Determine s(-3).
-3
Let c(v) = 2*v**3 - 30*v**2 + 2*v + 13. Determine c(15).
43
Let k(q) = 2*q**2 + 20*q - 5. Calculate k(-10).
-5
Let p(s) = s**2 - 11*s - 48. Give p(14).
-6
Let q(j) = -3*j**3 + 8*j**2 - 2*j. Determine q(2).
4
Let i(c) = c**3 + 9*c**2 + 17*c + 23. What is i(-7)?
2
Let l(t) = t**3 + 5*t**2 - 4*t + 7. What is l(-6)?
-5
Let d(m) = -4*m**2 + 41*m + 33. Give d(11).
0
Let d(i) = -i**3 - 10*i**2 + 2*i - 10. Calculate d(-10).
-30
Let u(l) = -11*l - 6. Give u(-2).
16
Let o(p) = -p**3 + 7*p**2 + p - 3. Determine o(6).
39
Let d(x) = -2*x - 37. Give d(-18).
-1
Let d(s) = s**3 - s**2 - 2*s - 7. Calculate d(3).
5
Let f(n) = -n**2 - 5*n + 6. Determine f(3).
-18
Let q(i) = -2*i + 9. Determine q(-4).
17
Let a(f) = -f**2 - 9*f - 9. Determine a(-8).
-1
Let k(z) = 7*z + 564. Determine k(-81).
-3
Let f(l) = -l**2 + 23*l - 10. Calculate f(23).
-10
Let c(i) = -i**2 + 17*i - 29. Give c(10).
41
Let h(w) = 6*w + 18. What is h(-2)?
6
Let p(g) = -g**3 + 12*g**2 - 10*g + 31. Determine p(11).
42
Let d(u) = -u**3 + 7*u**2 + 18*u + 5. What is d(9)?
5
Let v(z) = 4*z + 11. Determine v(6).
35
Let x(y) = -y - 13. Calculate x(-12).
-1
Let u(a) = -a + 11. Calculate u(19).
-8
Let j(q) = 8*q**2 - 66*q + 9. Give j(8).
-7
Let g(n) = n**3 - 6*n**2 - n + 4. Determine g(6).
-2
Let k(s) = 3*s**2 - s - 5. What is k(-3)?
25
Let m(z) = -2*z**3 + 28*z**2 - 80*z + 1. Determine m(4).
1
Let d(o) = -11*o + 1. Give d(2).
-21
Let r(s) = -2*s**2 + 2*s + 3. Give r(-3).
-21
Let z(x) = 4*x + 14. Determine z(-6).
-10
Let i(d) = -d**3 - 11*d**2 - 9*d + 19. Calculate i(-10).
9
Let d(i) = -i - 7. What is d(-5)?
-2
Let v(t) = -9*t - 38. Give v(-8).
34
Let s(h) = h**3 - h**2 - 6. Determine s(0).
-6
Let i(c) = -2*c - 4. Determine i(0).
-4
Let v(a) = 11*a + 491. Determine v(-44).
7
Let m(y) = y**2 + 21*y - 22. What is m(-24)?
50
Let z(q) = 7*q - 31. Determine z(3).
-10
Let m(y) = -y**2 + 7*y - 8. Calculate m(7).
-8
Let t(q) = -q**3 + 10*q**2 - 10*q + 17. What is t(9)?
8
Let w(n) = -4*n + 5. Give w(-2).
13
Let r(y) = y - 2. What is r(22)?
20
Let u(d) = d**3 + 5*d**2 + 23*d + 55. Determine u(-3).
4
Let i(g) = 2*g**2 + g - 30. What is i(4)?
6
Let t(z) = z**2 - 4*z + 9. Calculate t(-4).
41
Let k(w) = 6*w**2 - 4*w. Calculate k(1).
2
Let v(l) = -3*l - 1. Give v(1).
-4
Let f(h) = -h**2 + 25*h + 87. Calculate f(28).
3
Let n(w) = 78*w + 1186. Determine n(-15).
16
Let x(q) = -q**3 + 6*q**2 - 3*q - 4. Give x(5).
6
Let f(j) = j**2 + 36*j + 269. Determine f(-11).
-6
Let t(p) = -p**3 + 3*p**2 + 8*p - 1. Calculate t(5).
-11
Let t(b) = b**2 - 4*b - 24. Determine t(6).
-12
Let a(t) = -5*t + 80. What is a(14)?
10
Let v(d) = 2*d**3 - 10*d**2 + 8*d - 6. Calculate v(5).
34
Let a(h) = h**2 - 121*h - 369. Give a(-3).
3
Let h(v) = v**3 - 7*v**2 + 4*v + 2. Determine h(6).
-10
Let p(w) = w + 22. What is p(-7)?
15
Let b(s) = -s**3 - 5*s**2 - 2*s + 1. Calculate b(-3).
-11
Let a(i) = -2*i + 12. Give a(-10).
32
Let t(o) = o**2 - 3*o + 11. What is t(4)?
15
Let m(w) = -w**2 - 14*w - 45. Calculate m(-7).
4
Let w(k) = -5*k**3 - 2*k**2 + k - 1. What is w(2)?
-47
Let d(n) = n**2 - 2*n. Calculate d(-4).
24
Let v(k) = 2*k - 29. Give v(15).
1
Let q(i) = i - 15. Give q(9).
-6
Let t(q) = q**3 - 32*q**2 - 68*q - 14. Determine t(34).
-14
Let d(t) = 6*t**2 - 53*t + 81. What is d(2)?
-1
Let n(l) = -10*l + 256. What is n(26)?
-4
Let q(y) = -y**3 - 12*y**2 - 13*y - 2. Give q(-11).
20
Let l(v) = 60*v + 787. Determine l(-13).
7
Let o(b) = 8*b + 12. Calculate o(-8).
-52
Let k(z) = -3*z**2 - 19*z + 147. Determine k(5).
-23
Let z(x) = -3*x + 6. Determine z(8).
-18
Let b(a) = 20*a - 215. Determine b(11).
5
Let m(n) = n**3 + 33*n**2 + 91*n + 20. Calculate m(-30).
-10
Let f(l) = 2*l - 36. Give f(25).
14
Let o(w) = -30*w**3 + 2*w**2 + 3*w + 2. Determine o(-1).
31
Let w(k) = k**3 - 4*k**2 + 9*k - 21. What is w(3)?
-3
Let i(b) = -6*b**2 - 4*b. What is i(-4)?
-80
Let j(d) = d**2 - 13*d + 1. Calculate j(12).
-11
Let s(y) = -y**3 - 11*y**2 - 13*y - 11. Determine s(-10).
19
Let t(h) = -h**3 + h**2 - h + 4. Give t(3).
-17
Let d(o) = 5*o**3 + 2*o**2 - 19*o - 21. Calculate d(-1).
-5
Let l(r) = 3*r - 4. Give l(-15).
-49
Let t(w) = 4*w + 97. Calculate t(-22).
9
Let b(a) = a + 17. What is b(-15)?
2
Let x(z) = -22*z**3 - 2*z**2 + 1. What is x(1)?
-23
Let f(y) = -51*y - 310. Give f(-6).
-4
Let v(x) = -6*x - 16. Calculate v(3).
-34
Let r(w) = 8*w + 32. What is r(-5)?
-8
Let j(i) = i - 63. What is j(19)?
-44
Let m(v) = 3*v**3 - 5*v**2 + 5*v - 2. Calculate m(2).
12
Let h(x) = 4*x - 134. Give h(35).
6
Let p(t) = t - 4. Give p(-4).
-8
Let n(u) = -6*u**3 + u**2 - 4*u + 3. What is n(1)?
-6
Let x(r) = r**3 - 63*r**2 + 127*r - 310. Calculate x(61).
-5
Let f(p) = -p**2 + 45*p - 159. Determine f(41).
5
Let g(h) = -5*h + 28. Calculate g(17).
-57
Let v(g) = 24*g**2 - g. What is v(1)?
23
Let y(m) = 25*m + 2. Give y(-1).
-23
Let t(q) = 2*q**3 + 15*q**2 - 6*q - 83. Give t(-7).
8
Let z(v) = -4*v**2 + 4. Give z(-3).
-32
Let r(x) = 3*x**2 + 9*x + 8. Calculate r(-2).
2
Let p(q) = -2*q + 7. Calculate p(5).
-3
Let l(o) = -o**3 + 11*o**2 - 8*o - 4. Calculate l(10).
16
Let a(n) = 27*n - 90. Calculate a(3).
-9
Let l(r) = 2*r**3 - 8*r**2 + r + 4. Give l(3).
-11
Let y(s) = s**3 + 9*s**2 + 4*s + 61. Determine y(-10).
-79
Let g(s) = s**3 + 3*s**2 - 4*s - 2. What is g(-4)?
-2
Let j(x) = 11*x**2 - x - 6. Give j(-2).
40
Let s(z) = -4*z + 59. Calculate s(7).
31
Let v(h) = h**2 + 14*h - 9. Give v(-15).
6
Let j(v) = 3*v**3 - 17*v**2 - 5*v + 5. Give j(6).
11
Let d(x) = -2*x**2 + x + 9. Determine d(-3).
-12
Let l(m) = -6*m**2 + 84*m - 14. What is l(14)?
-14
Let d(p) = p + 9. Determine d(8).
17
Let b(f) = f**3 + 6*f**2 - 3*f + 3. Give b(-4).
47
Let c(n) = -41*n**3 - 3*n**2 + 2*n. What is c(1)?
-42
Let s(n) = 12*n + 26. Determine s(-2).
2
Let c(i) = i**3 - 11*i**2 + 12*i - 11. Calculate c(10).
9
Let m(d) = d**2 - 5*d + 5. Give m(5).
5
Let u(f) = 2*f**2 - 13*f + 9. What is u(5)?
-6
Let m(b) = 17*b - 83. Determine m(5).
2
Let m(a) = -5*a - 128. Calculate m(-20).
-28
Let k(d) = 22*d**2 + d. Give k(-1).
21
Let a(v) = 5*v - 18. What is a(5)?
7
Let m(c) = -c**2 + 12*c - 15. Give m(9).
12
Let h(y) = y**2 + 21*y + 16. Give h(-9).
-92
Let z(b) = 2*b**3 - 70*b**2 + 69*b - 38. What is z(34)?
-4
Let a(r) = -2*r**2 - 46*r + 28. What is a(-25)?
-72
Let a(h) = 31*h**3 - h**2 + h + 1. Give a(1).
32
Let a(l) = l**3 - l. What is a(0)?
0
Let o(t) = 2*t**3 + 11*t**2 + 12. Calculate o(-6).
-24
Let u(o) = o**3 - 10*o**2 - 11*o - 5. Calculate u(11).
-5
Let m(u) = -2*u**2 + u + 41. Give m(-4).
5
Let c(d) = d + 9. What is c(-3)?
6
Let u(m)